of 432 and 127152.
144
What is the greatest common factor of 434 and 3293626?
434
What is the highest common divisor of 180195 and 41?
41
What is the highest common divisor of 490 and 3556?
14
Calculate the greatest common divisor of 117 and 5941.
13
Calculate the highest common factor of 645463 and 273.
91
Calculate the highest common factor of 6390 and 34095.
15
What is the greatest common factor of 1734720 and 26?
26
Calculate the highest common factor of 109362 and 132.
66
What is the highest common factor of 1375 and 1379675?
275
Calculate the highest common factor of 99 and 29018.
11
Calculate the greatest common factor of 22815 and 1560.
195
What is the highest common factor of 216 and 16032?
24
Calculate the greatest common divisor of 139617 and 108.
27
What is the highest common factor of 14012 and 2852?
124
Calculate the highest common divisor of 307 and 164245.
307
What is the highest common factor of 14 and 658840?
14
Calculate the greatest common factor of 56 and 98408.
8
What is the highest common factor of 23324 and 459?
17
Calculate the greatest common divisor of 220 and 390140.
20
What is the highest common factor of 360 and 90135?
45
Calculate the greatest common factor of 1708 and 1391166.
854
What is the greatest common factor of 810 and 80730?
270
What is the greatest common divisor of 826 and 110516?
14
What is the greatest common divisor of 28221 and 253?
23
Calculate the highest common factor of 5070 and 384982.
338
Calculate the highest common divisor of 18759 and 845.
169
What is the highest common divisor of 4743 and 72?
9
Calculate the greatest common factor of 36256 and 103.
103
What is the greatest common divisor of 1800 and 341568?
72
Calculate the highest common divisor of 32100 and 246528.
1284
What is the greatest common factor of 31 and 110329?
31
Calculate the highest common factor of 41900 and 100.
100
What is the greatest common divisor of 10288 and 16816?
16
What is the greatest common factor of 74732 and 5?
1
Calculate the greatest common factor of 500 and 202250.
250
Calculate the highest common factor of 25548 and 36.
12
What is the greatest common divisor of 2795 and 23855?
65
What is the greatest common divisor of 30 and 198570?
30
Calculate the greatest common divisor of 26000 and 624.
208
What is the highest common divisor of 46 and 366?
2
What is the greatest common factor of 80 and 34712?
8
What is the greatest common factor of 10110 and 170?
10
What is the highest common factor of 5518 and 4030?
62
What is the highest common factor of 2505701 and 209?
209
Calculate the greatest common divisor of 396186 and 14.
14
Calculate the highest common factor of 408 and 80648.
136
What is the highest common divisor of 5697152 and 376?
376
Calculate the highest common factor of 1269 and 80946.
27
What is the highest common factor of 33984 and 3392?
64
What is the greatest common factor of 600 and 7635?
15
What is the greatest common divisor of 1253 and 4361?
7
What is the highest common divisor of 908 and 12868?
4
What is the highest common divisor of 27 and 1108188?
27
Calculate the greatest common divisor of 36930 and 60.
30
What is the highest common factor of 240 and 183760?
80
What is the highest common factor of 1383 and 96?
3
What is the highest common divisor of 20852 and 3692?
52
What is the highest common factor of 18 and 334494?
18
What is the highest common factor of 681027 and 28169?
1657
Calculate the highest common divisor of 51681 and 483.
483
Calculate the greatest common divisor of 88424 and 1792.
56
What is the highest common factor of 24462 and 1080?
54
Calculate the greatest common factor of 16 and 9328.
16
Calculate the greatest common divisor of 4029 and 13634.
17
Calculate the highest common divisor of 1041698 and 4144.
518
What is the greatest common divisor of 71330 and 56?
14
Calculate the greatest common divisor of 20 and 10110.
10
Calculate the greatest common divisor of 164517 and 261.
87
Calculate the greatest common divisor of 377 and 2158325.
377
What is the highest common factor of 292588 and 13124?
772
What is the greatest common divisor of 9520 and 20720?
560
What is the highest common divisor of 113573 and 34387?
137
Calculate the greatest common factor of 28 and 17402.
14
Calculate the highest common divisor of 933 and 7510961.
311
What is the highest common divisor of 725697 and 27?
9
Calculate the greatest common factor of 17916 and 6.
6
Calculate the highest common factor of 48 and 352320.
48
Calculate the highest common factor of 11574926 and 748.
374
Calculate the highest common factor of 4573 and 6994.
269
Calculate the greatest common divisor of 378 and 8883.
189
Calculate the greatest common divisor of 45 and 37845.
45
What is the highest common divisor of 1820 and 254345?
455
What is the greatest common divisor of 353056 and 238?
34
What is the highest common factor of 14 and 13406218?
14
Calculate the greatest common factor of 1308 and 7404.
12
Calculate the greatest common divisor of 14382 and 14841.
153
Calculate the greatest common divisor of 1025 and 943.
41
What is the greatest common divisor of 501 and 6179?
167
Calculate the greatest common divisor of 87 and 5208980.
29
What is the greatest common factor of 4579 and 247?
19
What is the highest common factor of 201064 and 328?
328
What is the greatest common divisor of 504 and 45432?
72
What is the highest common divisor of 1146672 and 176?
16
Calculate the greatest common divisor of 2470780 and 260.
260
Calculate the highest common divisor of 104292 and 72.
36
Calculate the greatest common divisor of 15 and 16503.
3
What is the greatest common factor of 875 and 189?
7
What is the highest common factor of 9 and 213849?
9
Calculate the greatest common divisor of 65188 and 172.
172
What is the highest common divisor of 1582 and 5530?
14
What is the greatest common factor of 63415 and 55?
55
Calculate the highest common divisor of 1855 and 56710.
265
What is the greatest common factor of 17446 and 162382?
1342
What is the greatest common divisor of 4228896 and 336?
336
What is the highest common factor of 126 and 7893?
9
What is the highest common divisor of 789940 and 1905?
635
Calculate the highest common factor of 6237 and 8775.
27
What is the greatest common divisor of 3225381 and 1866?
933
What is the greatest common factor of 650 and 6350?
50
Calculate the greatest common divisor of 164772 and 23084.
796
What is the greatest common divisor of 91708 and 3232?
404
Calculate the highest common factor of 1840 and 575.
115
What is the highest common factor of 664 and 23489?
83
Calculate the greatest common divisor of 922461 and 667.
667
What is the highest common factor of 173250 and 2079?
693
Calculate the highest common divisor of 150029 and 44.
11
What is the highest common factor of 48 and 1403296?
16
Calculate the greatest common divisor of 50 and 2874.
2
What is the highest common divisor of 84 and 1143408?
84
What is the highest common factor of 214864 and 338?
26
What is the greatest common divisor of 42816 and 2368?
64
Calculate the highest common factor of 288 and 253956.
12
What is the greatest common factor of 775 and 19871?
31
Calculate the highest common divisor of 9736971 and 51.
51
What is the greatest common factor of 2210 and 54340?
130
Calculate the highest common divisor of 318 and 332204.
106
What is the greatest common factor of 16481600 and 400?
400
What is the highest common divisor of 16776 and 648?
72
Calculate the highest common factor of 10591 and 6853.
623
Calculate the greatest common divisor of 460 and 3036.
92
Calculate the greatest common divisor of 183 and 4087.
61
Calculate the highest common factor of 49528 and 1394.
82
What is the highest common factor of 1682 and 25984?
58
What is the greatest common factor of 27068 and 707?
101
Calculate the greatest common factor of 552 and 137356.
92
What is the greatest common factor of 1506176 and 1792?
896
What is the greatest common factor of 25637 and 775?
31
What is the highest common divisor of 5474 and 208726?
238
Calculate the highest common divisor of 163880 and 640.
40
Calculate the highest common divisor of 323576 and 121.
11
What is the highest common divisor of 3 and 10731?
3
Calculate the greatest common factor o